 2253363 is divided by 1110.
63
Calculate the remainder when 10159766 is divided by 385.
1
What is the remainder when 225759895 is divided by 7?
4
What is the remainder when 4100736 is divided by 10935?
111
What is the remainder when 418171949 is divided by 2877?
2876
What is the remainder when 231850 is divided by 61?
50
Calculate the remainder when 3756627 is divided by 20.
7
Calculate the remainder when 126945 is divided by 1924.
1885
Calculate the remainder when 475654 is divided by 5528.
246
Calculate the remainder when 1584691 is divided by 396170.
11
What is the remainder when 238222850 is divided by 8785?
5
Calculate the remainder when 967769 is divided by 14885.
244
What is the remainder when 40618294 is divided by 25773?
46
Calculate the remainder when 448426 is divided by 411.
25
Calculate the remainder when 82299054 is divided by 90538.
12
Calculate the remainder when 35971051 is divided by 39.
25
Calculate the remainder when 162493 is divided by 20280.
253
What is the remainder when 10260868 is divided by 157857?
163
What is the remainder when 892556 is divided by 30775?
81
What is the remainder when 14813417 is divided by 26739?
11
Calculate the remainder when 32769 is divided by 16366.
37
Calculate the remainder when 65263 is divided by 2255.
2123
What is the remainder when 1460037 is divided by 149?
135
What is the remainder when 3335076 is divided by 4270?
206
Calculate the remainder when 2877739 is divided by 55341.
7
Calculate the remainder when 223669 is divided by 31850.
719
Calculate the remainder when 186308 is divided by 601.
599
What is the remainder when 52476226 is divided by 24?
10
What is the remainder when 1117895282 is divided by 71?
69
Calculate the remainder when 771310 is divided by 4975.
185
Calculate the remainder when 13280723 is divided by 36.
35
Calculate the remainder when 73352 is divided by 1906.
924
Calculate the remainder when 136468 is divided by 136375.
93
What is the remainder when 85330804 is divided by 24?
4
What is the remainder when 1511136 is divided by 377757?
108
What is the remainder when 330021 is divided by 2170?
181
Calculate the remainder when 9941802 is divided by 240.
42
Calculate the remainder when 867451 is divided by 867445.
6
Calculate the remainder when 199115 is divided by 1134.
665
Calculate the remainder when 252006295 is divided by 1843.
4
What is the remainder when 37934413 is divided by 14?
13
What is the remainder when 94777 is divided by 47163?
451
What is the remainder when 5994761 is divided by 10517?
71
Calculate the remainder when 16171770 is divided by 1870.
10
What is the remainder when 89263 is divided by 545?
428
What is the remainder when 3482749 is divided by 8?
5
Calculate the remainder when 1117330 is divided by 2373.
2020
Calculate the remainder when 10203253 is divided by 1.
0
What is the remainder when 17036665 is divided by 10?
5
What is the remainder when 2041110 is divided by 188?
182
What is the remainder when 49684649 is divided by 12421157?
21
What is the remainder when 307686 is divided by 44?
38
What is the remainder when 4082928 is divided by 5415?
18
What is the remainder when 176475636 is divided by 935?
931
What is the remainder when 1049829 is divided by 3162?
45
What is the remainder when 3646856 is divided by 58?
48
What is the remainder when 95316 is divided by 420?
396
Calculate the remainder when 65571 is divided by 21063.
2382
Calculate the remainder when 483974 is divided by 3610.
234
Calculate the remainder when 9375281 is divided by 2388.
2381
Calculate the remainder when 18837569 is divided by 3.
2
What is the remainder when 76023 is divided by 25020?
963
Calculate the remainder when 12379 is divided by 11374.
1005
What is the remainder when 19650223 is divided by 39?
34
What is the remainder when 7123192 is divided by 18?
16
What is the remainder when 90961 is divided by 7572?
97
What is the remainder when 58991 is divided by 1016?
63
Calculate the remainder when 4031238 is divided by 4031196.
42
Calculate the remainder when 151711 is divided by 2763.
2509
Calculate the remainder when 331386 is divided by 331178.
208
What is the remainder when 16470350 is divided by 1148?
1142
Calculate the remainder when 12122128 is divided by 151.
150
What is the remainder when 3433197 is divided by 845?
807
Calculate the remainder when 5443875 is divided by 31.
27
Calculate the remainder when 229435 is divided by 3370.
275
Calculate the remainder when 2004858 is divided by 167019.
630
What is the remainder when 236061 is divided by 1026?
81
Calculate the remainder when 1299425 is divided by 324840.
65
What is the remainder when 48678145 is divided by 78135?
40
What is the remainder when 9469618 is divided by 1015?
683
What is the remainder when 12750357 is divided by 84?
81
What is the remainder when 10754755 is divided by 36?
7
Calculate the remainder when 5389381 is divided by 171.
145
What is the remainder when 9971729 is divided by 90?
89
Calculate the remainder when 93867 is divided by 2544.
2283
What is the remainder when 6433751 is divided by 158?
149
Calculate the remainder when 1685429 is divided by 446.
441
What is the remainder when 3092051 is divided by 1546013?
25
Calculate the remainder when 1938060843 is divided by 115.
113
Calculate the remainder when 63074 is divided by 4291.
3000
Calculate the remainder when 450634 is divided by 800.
234
Calculate the remainder when 70320259 is divided by 17.
14
Calculate the remainder when 752587 is divided by 42.
31
What is the remainder when 1006250 is divided by 9300?
1850
Calculate the remainder when 26270204 is divided by 26270176.
28
Calculate the remainder when 85658 is divided by 37327.
11004
Calculate the remainder when 50191 is divided by 3859.
24
Calculate the remainder when 431327 is divided by 215661.
5
What is the remainder when 3825672 is divided by 3640?
32
Calculate the remainder when 569427 is divided by 1406.
1403
Calculate the remainder when 12817487 is divided by 625.
612
Calculate the remainder when 4564446 is divided by 157.
142
Calculate the remainder when 502547 is divided by 341.
254
What is the remainder when 64337 is divided by 64312?
25
Calculate the remainder when 296346 is divided by 709.
693
What is the remainder when 87737693 is divided by 127?
124
Calculate the remainder when 23698 is divided by 791.
759
Calculate the remainder when 3653801 is divided by 940.
21
What is the remainder when 5178473 is divided by 133?
118
Calculate the remainder when 133235038 is divided by 1182.
1180
What is the remainder when 12266359 is divided by 20?
19
What is the remainder when 16914702 is divided by 8457348?
6
Calculate the remainder when 396957 is divided by 24.
21
What is the remainder when 1429289 is divided by 4656?
4553
Calculate the remainder when 1387047 is divided by 72.
39
Calculate the remainder when 55059485 is divided by 29.
27
Calculate the remainder when 60208 is divided by 13513.
6156
Calculate the remainder when 552612 is divided by 285.
282
Calculate the remainder when 13767769 is divided by 96.
25
Calculate the remainder when 608630 is divided by 3506.
2092
What is the remainder when 129355 is divided by 2190?
145
Calculate the remainder when 107615 is divided by 26720.
735
What is the remainder when 9582508 is divided by 42?
40
Calculate the remainder when 66679 is divided by 154.
151
Calculate the remainder when 329341 is divided by 40994.
1389
What is the remainder when 26950 is divided by 2979?
139
What is the remainder when 330485 is divided by 187?
56
What is the remainder when 779509 is divided by 4956?
1417
What is the remainder when 289750 is divided by 1311?
19
Calculate the remainder when 30650541 is divided by 2210.
51
What is the remainder when 495968 is divided by 2118?
356
What is the remainder when 6951324 is divided by 59?
3
Calculate the remainder when 22922728 is divided by 6192.
6136
Calculate the remainder when 101877656 is divided by 784.
776
Calculate the remainder when 188380331 is divided by 612.
611
What is the remainder when 4918265 is divided by 1639401?
62
Calculate the remainder when 1046153 is divided by 427.
3
What is the remainder when 29833919 is divided by 25?
19
What is the remainder when 2322858 is divided by 14517